
What is the remainder when 7024 is divided by 3482?
60
What is the remainder when 74914 is divided by 24949?
67
Calculate the remainder when 35104 is divided by 154.
146
Calculate the remainder when 222543 is divided by 235.
233
What is the remainder when 288230 is divided by 79?
38
Calculate the remainder when 12376 is divided by 1047.
859
Calculate the remainder when 132743 is divided by 15.
8
What is the remainder when 17900 is divided by 578?
560
What is the remainder when 289671 is divided by 121?
118
What is the remainder when 1477 is divided by 703?
71
Calculate the remainder when 98579 is divided by 319.
8
Calculate the remainder when 6861 is divided by 297.
30
Calculate the remainder when 8135 is divided by 507.
23
What is the remainder when 17150 is divided by 5701?
47
What is the remainder when 592 is divided by 29?
12
Calculate the remainder when 19367 is divided by 2150.
17
Calculate the remainder when 15861 is divided by 125.
111
Calculate the remainder when 141321 is divided by 356.
345
What is the remainder when 13414 is divided by 210?
184
Calculate the remainder when 342501 is divided by 31136.
5
What is the remainder when 2673121 is divided by 17?
7
What is the remainder when 116840 is divided by 11?
9
What is the remainder when 3343 is divided by 201?
127
Calculate the remainder when 2755 is divided by 80.
35
Calculate the remainder when 16891 is divided by 486.
367
What is the remainder when 18499 is divided by 49?
26
What is the remainder when 2271 is divided by 2260?
11
What is the remainder when 2752 is divided by 675?
52
What is the remainder when 89741 is divided by 1300?
41
Calculate the remainder when 8326 is divided by 520.
6
Calculate the remainder when 469 is divided by 21.
7
Calculate the remainder when 1998944 is divided by 45.
44
Calculate the remainder when 117629 is divided by 39190.
59
What is the remainder when 34184 is divided by 1002?
116
Calculate the remainder when 17429 is divided by 201.
143
What is the remainder when 206744 is divided by 74?
62
Calculate the remainder when 44791 is divided by 448.
439
Calculate the remainder when 31014 is divided by 71.
58
What is the remainder when 3760 is divided by 1235?
55
What is the remainder when 9867095 is divided by 162?
161
What is the remainder when 765963 is divided by 14?
9
What is the remainder when 957 is divided by 56?
5
What is the remainder when 2093 is divided by 553?
434
Calculate the remainder when 278618 is divided by 7.
4
What is the remainder when 27045 is divided by 69?
66
Calculate the remainder when 51447 is divided by 12856.
23
Calculate the remainder when 509301 is divided by 254645.
11
Calculate the remainder when 70363 is divided by 6.
1
What is the remainder when 3407 is divided by 227?
2
What is the remainder when 5894 is divided by 12?
2
What is the remainder when 192604 is divided by 236?
28
Calculate the remainder when 6102 is divided by 701.
494
Calculate the remainder when 9475 is divided by 103.
102
Calculate the remainder when 514 is divided by 101.
9
What is the remainder when 1766930 is divided by 185?
180
What is the remainder when 48649 is divided by 853?
28
What is the remainder when 1347420 is divided by 921?
918
What is the remainder when 15681 is divided by 37?
30
What is the remainder when 11058 is divided by 5526?
6
Calculate the remainder when 11913 is divided by 458.
5
Calculate the remainder when 3405 is divided by 507.
363
Calculate the remainder when 37297 is divided by 511.
505
What is the remainder when 19674 is divided by 26?
18
What is the remainder when 2329 is divided by 773?
10
Calculate the remainder when 12742 is divided by 85.
77
What is the remainder when 1539 is divided by 373?
47
Calculate the remainder when 15010 is divided by 306.
16
What is the remainder when 5228 is divided by 24?
20
Calculate the remainder when 2361 is divided by 1156.
49
What is the remainder when 15199 is divided by 227?
217
What is the remainder when 20913 is divided by 20904?
9
What is the remainder when 1583 is divided by 1315?
268
Calculate the remainder when 16883 is divided by 2398.
97
What is the remainder when 9415 is divided by 4704?
7
What is the remainder when 102640 is divided by 63?
13
Calculate the remainder when 9977 is divided by 3296.
89
Calculate the remainder when 578457 is divided by 289210.
37
What is the remainder when 3107 is divided by 373?
123
What is the remainder when 7403 is divided by 105?
53
What is the remainder when 28344 is divided by 7077?
36
What is the remainder when 5706 is divided by 1541?
1083
Calculate the remainder when 1087990 is divided by 876.
874
Calculate the remainder when 377 is divided by 352.
25
Calculate the remainder when 13867 is divided by 240.
187
What is the remainder when 25013 is divided by 544?
533
What is the remainder when 32541 is divided by 24?
21
What is the remainder when 117630 is divided by 65?
45
What is the remainder when 3681 is divided by 522?
27
What is the remainder when 23237 is divided by 7744?
5
What is the remainder when 42644 is divided by 65?
4
What is the remainder when 1525 is divided by 78?
43
What is the remainder when 1553 is divided by 78?
71
What is the remainder when 8668 is divided by 7?
2
Calculate the remainder when 28149 is divided by 701.
109
What is the remainder when 124551 is divided by 13?
11
What is the remainder when 17097 is divided by 11?
3
Calculate the remainder when 111287 is divided by 29.
14
What is the remainder when 33527 is divided by 11175?
2
Calculate the remainder when 327 is divided by 133.
61
What is the remainder when 755326 is divided by 107903?
5
Calculate the remainder when 2574 is divided by 602.
166
What is the remainder when 9929 is divided by 9918?
11
Calculate the remainder when 18734 is divided by 9329.
76
What is the remainder when 5803 is divided by 447?
439
Calculate the remainder when 15534 is divided by 420.
414
What is the remainder when 7782 is divided by 210?
12
What is the remainder when 2317 is divided by 127?
31
Calculate the remainder when 711 is divided by 275.
161
What is the remainder when 19572 is divided by 6493?
93
What is the remainder when 7686 is divided by 80?
6
Calculate the remainder when 990459 is divided by 21.
15
What is the remainder when 57713 is divided by 28598?
517
Calculate the remainder when 244964 is divided by 33.
5
Calculate the remainder when 8461 is divided by 148.
25
Calculate the remainder when 827341 is divided by 83.
80
What is the remainder when 70879 is divided by 2443?
32
Calculate the remainder when 3029 is divided by 1504.
21
Calculate the remainder when 3256 is divided by 7.
1
What is the remainder when 752 is divided by 230?
62
What is the remainder when 2557 is divided by 362?
23
Calculate the remainder when 8588 is divided by 2123.
96
Calculate the remainder when 5344 is divided by 1776.
16
What is the remainder when 9724 is divided by 405?
4
Calculate the remainder when 17827 is divided by 283.
281
What is the remainder when 466 is divided by 146?
28
What is the remainder when 1509897 is divided by 44?
37
What is the remainder when 161 is divided by 52?
5
Calculate the remainder when 1055 is divided by 4.
3
Calculate the remainder when 8788 is divided by 4010.
768
Calculate the remainder when 91197 is divided by 339.
6
What is the remainder when 47996 is divided by 120?
116
Calculate the remainder when 5876 is divided by 71.
54
Calculate the remainder when 557162 is divided by 278556.
50
What is the remainder when 278892 is divided by 139439?
14
Calculate the remainder when 8459 is divided by 1051.
51
What is the remainder when 67918 is divided by 1886?
22
What is the remainder when 5570 is divided by 422?
84
What is the remainder when 65580 is divided by 242?
240
Calculate the remainder when 1698 is divided by 405.
78
What is the remainder when 1497567 is divided by 1696?
1695
Calculate the remainder when 57943 is divided by 95.
88
Calculate the remainder when 14320 is divided by 596.
16
What is the remainder when 3196 is divided by 890?
526
What is the remainder when 4537 is divided by 1118?
65
What is the remainder when 2288 is divided by 113?
28
What is the remainder when 735710 is divided by 83?
81
What is the remainder when 1793 is divided b